t) = 3*t**3 - 2*t - 3. Let y be d(-3). Suppose -12 = 4*c - 0. Let i be 2/(4*c/y). Calculate the highest common divisor of i and 143.
13
Let w(a) = a**3 - a**2 - 2*a + 2. Let v be w(3). What is the highest common divisor of v and 56?
14
Let r(d) = d**2 + 3*d + 4. Let u be r(-3). Suppose -10 = -5*j, -n - j = -u*n + 10. Calculate the greatest common factor of n and 2.
2
Suppose 11*f - 17*f + 84 = 0. What is the greatest common factor of f and 21?
7
Suppose -n + p + 12 = -p, -5*n = p - 104. Suppose 5*s = 4*g - 37, n = -4*s - 0. Calculate the highest common factor of 21 and g.
3
Suppose 0*j = -5*j - 55. Let q = -7 - j. Suppose -11 + 3 = -q*p. Calculate the highest common factor of 16 and p.
2
Suppose 2*d - 2*b = 150, -2*d - b = 2*d - 280. Let o = d + -8. What is the greatest common factor of o and 7?
7
Let b(g) = 9*g - 1. Let m be b(3). Let z(u) = -2*u**3 - u**2 + u - 3. Let i be z(-3). What is the greatest common divisor of i and m?
13
Let p be (-1)/(-2*(-1)/(-34)). Let b be 2/4 + p/2. Let u be (-5 + 2)/(1/(-9)). Calculate the greatest common divisor of b and u.
9
Let k = -9 + 65. What is the highest common divisor of k and 7?
7
Let b be (2/(-2))/((-1)/18). Let t = 30 + b. What is the greatest common factor of t and 12?
12
Suppose -c = -0*c - 4*d - 115, 0 = -3*c + d + 356. What is the highest common factor of c and 17?
17
Suppose 5*q = -0*q + 50. Suppose 0 = z - 6*z + q. What is the greatest common factor of 22 and z?
2
Suppose -14 = -3*m + 1. Suppose 223 = 3*i - u + m*u, -u + 76 = i. Suppose -4*q = -q - i. Calculate the highest common divisor of 9 and q.
9
Let u = -10 - -8. Let t be 1/u - 20/8. Let d = 13 + t. What is the highest common factor of d and 110?
10
Let h be (36/14)/(2/14). Let m be 5 - (-1 + 2 + 0). Suppose u = m*u - 486. What is the highest common factor of h and u?
18
Suppose 56 = 9*s - 5*s. Suppose 194 - s = 4*d. Suppose q - 2 = 3. Calculate the highest common factor of q and d.
5
Suppose -4*z + 4*d = -20, -3*z + d + 25 = -0*z. What is the greatest common divisor of 40 and z?
10
Let f = -15 + 17. Calculate the highest common divisor of 8 and f.
2
Let l be 2/12 + 718/12. What is the highest common factor of 40 and l?
20
Let d be (-234)/(-63) - (-4)/14. What is the highest common divisor of d and 44?
4
Suppose 385 = 16*b - 9*b. What is the highest common divisor of b and 15?
5
Let m(y) = y**2 - 14*y - 8. Let b be m(-10). Calculate the greatest common factor of 29 and b.
29
Let y(s) = s**3 - 15*s**2 + 3*s + 15. Let v be y(15). Calculate the highest common divisor of v and 90.
30
Let f = 25 + -5. Suppose -4*l = -8*l - f, 2*u - 24 = 4*l. Suppose 0*c = u*c - 40. What is the greatest common divisor of 5 and c?
5
Let y be (-158)/(-10) - (-1)/5. Let b = 96 + -64. What is the highest common divisor of b and y?
16
Suppose -3*m = 3*m - 132. Calculate the greatest common factor of 11 and m.
11
Suppose h = -25 + 37. Let p = -4 - -7. What is the greatest common factor of h and p?
3
Let y = 63 + -53. What is the highest common factor of 2 and y?
2
Suppose 5*v = -103 - 72. Let l be (-4 + 0)*v/10. Calculate the greatest common divisor of l and 14.
14
Suppose 2*u + 0*u - 4 = 0. Let x = 7 - u. Calculate the greatest common factor of 20 and x.
5
Suppose p = 2*i - 17, 2*i - p - 4*p = 5. Suppose 3*j = 4*o - 34, 0 = -o + 3*j + 3 + 1. What is the highest common factor of o and i?
10
Let s be (15/(-2))/(1/(-6)). Suppose -m + s - 15 = 0. What is the highest common divisor of m and 75?
15
Suppose 0*a - 7*a + 21 = 0. Calculate the greatest common divisor of 3 and a.
3
Suppose 0 = u - 5*u + 5*n + 44, 0 = 3*u + 5*n - 68. What is the highest common divisor of 48 and u?
16
Let z(d) = d**3 - 4*d**2 - 3*d + 1. Let u be z(5). Let t be (-685)/(-15) + 20/(-12). What is the highest common factor of t and u?
11
Let l(d) = -3*d - 5. Let m be l(-5). Calculate the greatest common factor of m and 40.
10
Suppose 5*v - r - 17 = -3*r, v = -5*r + 8. Calculate the greatest common divisor of v and 27.
3
Suppose -b = -4*b - 72. Let u = -13 - b. Let s be -1*(1 - 0)*-1. Calculate the greatest common divisor of u and s.
1
Let k(s) = s**2 - 3*s + 3. Let n be (-36)/(-10) - 3/5. Let f be k(n). Let q be (15/(-1))/(f/(-10)). Calculate the highest common factor of q and 20.
10
Let j = -7 + 13. Let w = -63 - -93. What is the greatest common factor of j and w?
6
Let o = -90 + 99. Suppose 8 = -4*s + 44. What is the greatest common factor of s and o?
9
Let j(r) = r**2 + 4*r + 5. Let n be j(-4). Suppose 6 = 4*x + 4*v - 6, n*v + 21 = x. What is the greatest common factor of x and 1?
1
Suppose 0 = 5*c - 284 + 89. Calculate the highest common factor of c and 351.
39
Let a = 190 - 148. Calculate the highest common divisor of a and 35.
7
Let h(l) = 2*l**3 - 6*l**2 + 5*l - 7. Let z be h(3). Calculate the greatest common divisor of 32 and z.
8
Let s be 264/(-9) + (-6)/9. Let i = -15 - s. What is the highest common divisor of i and 135?
15
Let m(p) = p**2 + 5*p - 8. Let i be m(-7). Let z be (2/(-6))/((-8)/144). Calculate the greatest common divisor of z and i.
6
Let z = 66 + 14. What is the highest common factor of 60 and z?
20
Let o be (-110)/(-33)*(37 + -1). What is the greatest common divisor of o and 15?
15
Let w = -10 + 6. Let g(s) = -7*s - 6. Let u be g(w). Suppose 0 = 2*y + 68 - 178. Calculate the highest common factor of y and u.
11
Suppose 0 = 3*w - 2 - 4. Let f be w/(-3*(-2)/36). Calculate the greatest common divisor of 24 and f.
12
Let z be (-8)/(-3)*117/26. What is the highest common divisor of 48 and z?
12
Let u = 2 - -11. Let v = 4 - 0. Suppose 3*h + d = 38, v*d = -2 - 2. What is the highest common factor of u and h?
13
Suppose 15 = 2*x + c, -3*c + 6*c = 3*x - 27. Let s = x + 0. Suppose -12*t + s*t + 64 = 0. Calculate the greatest common factor of 32 and t.
16
Let f(q) = 56*q - 35. Let b be f(4). What is the highest common divisor of b and 21?
21
Suppose 6 = 4*b - 10. Let f(l) = 11 + 0*l**3 - 5*l + 10*l**2 - l**3 - b*l. Let k be f(9). What is the highest common divisor of 99 and k?
11
Suppose 0 = 4*t - 10*p + 5*p - 70, 10 = -5*p. Let q = 19 + -13. What is the greatest common divisor of q and t?
3
Suppose y + y - 6 = 0, 5*j - 6 = 3*y. Suppose 5*s - 38 = -p, j*s = s - p + 14. What is the highest common divisor of 2 and s?
2
Suppose -k = 5*x + 23, 3*x - 11 = 2*k + 6*x. Suppose -k*q + 3 = -1, 4*o = 3*q + 18. Let l be (-4)/18 - (-166)/18. What is the highest common divisor of l and o?
3
Let r(b) be the first derivative of b**4/4 + 2*b**3 - b**2 - 6*b + 2. Let l be r(-6). What is the greatest common divisor of 12 and l?
6
Suppose 8*u - u - 189 = 0. Calculate the greatest common divisor of 189 and u.
27
Let t(f) = 4*f**2 + 14*f + 12. Let h be t(-6). Let c be (-4)/(-10) + (-43)/(-5). Let a be c + 2/(4/(-2)). Calculate the highest common divisor of a and h.
8
Let t be 3/9 - 38/(-3). Let a(h) = 2*h**3 + 12 + 5*h - h**3 - t*h + 8*h**2. Let d be a(-9). What is the greatest common divisor of d and 6?
3
Let b = 30 - 4. What is the greatest common factor of 78 and b?
26
Let o = 42 + -27. Let j be (-2)/(-8) + o/4. Let p = j - -2. What is the greatest common divisor of 30 and p?
6
Let p be (-33)/(-4) - (6/(-8) + 1). Let r(l) = -57*l. Let d be r(1). Let z = d + 97. Calculate the greatest common factor of p and z.
8
Suppose -1106 + 116 = -10*l. What is the greatest common factor of l and 9?
9
Let f(r) = -53*r + 4. Let l be f(-3). Suppose 5*b + 5*j = l - 3, -2*j + 91 = 3*b. What is the greatest common divisor of b and 9?
9
Let j be (4 - (-36)/(-8))/(1/(-4)). What is the highest common divisor of 20 and j?
2
Suppose 4 = -a, -2*g - 5*a + 15 = 3*g. Calculate the highest common factor of 21 and g.
7
Let v(j) = -j**3 - 5*j**2 - 5*j - 4. Let x be v(-4). Suppose -5*u - 4*l = -23, -3*u + x + 3 = -3*l. What is the greatest common divisor of u and 24?
3
Let l be 3*6 - (-22)/11. What is the greatest common divisor of l and 5?
5
Suppose 2*f = 5*t, -2*f + 5*f = 3*t. Let d be 5 - 2/(2 - 0). Suppose f = -d*u + 16 + 12. Calculate the greatest common divisor of 14 and u.
7
Let k(s) = s + 30. Let p be k(-17). What is the highest common factor of p and 104?
13
Let b(c) = -2*c**3 + 14*c**2 + 4*c - 7. Let y be b(7). Calculate the highest common factor of 42 and y.
21
Suppose -3*p = 2*p. Suppose p = -6*v + v + 35. Let b = 28 